= -643*j + 81. Let h(x) = x - 10. Let g be h(8). Let m(o) = -214*o + 27. Let i(y) = g*n(y) + 7*m(y). Is i(-14) a composite number?
True
Let t(h) = -215*h + 88. Let q be t(-10). Let s = 12051 - q. Is s prime?
False
Let i(n) = -n**3 + 17*n**2 - 18*n + 35. Let y be -2 - (-16 + -2) - 0. Let v be i(y). Suppose -4*z = -2*j + 1150, 3*j - v*z = -1217 + 2951. Is j composite?
True
Let d = 40386 - 25809. Let i = d + -8036. Is i a composite number?
True
Let l(h) = 4*h**3 + h + 1. Suppose 2*r - 3*g + 2 = 12, -2*r - 18 = 4*g. Let w be l(r). Is 1 + w + (4 - -37) prime?
False
Suppose 5*o = -r + 147957, -5*r + 3*o + 851555 = 111714. Is r prime?
False
Let w = 657 - 654. Suppose -w*m + 5*a + 38917 = 0, 1291 = -m + 3*a + 14258. Is m a prime number?
True
Let t = 105689 + -19698. Is t a composite number?
False
Suppose -w = -5*w + c + 74333, -3*w - 5*c = -55744. Is w composite?
False
Suppose 2*i - 5*i = -q + 23, -25 = -5*q. Let l be 8/4 + i + 34. Is 45/l*(-596)/(-6) a prime number?
True
Suppose -4*o - 317257 = -3*m, -423001 = -75*m + 71*m - 3*o. Is m a composite number?
False
Let v = -194857 + 288666. Is v a prime number?
True
Let j be (-1*(-6)/3)/2. Let l be (-1506)/((5 - 3)*(j + -2)). Suppose 3*v = -3*o + 4*o + l, 2*v - 5*o - 502 = 0. Is v a prime number?
True
Suppose -32 = -6*k - 2*k. Suppose -5*b - 3*j + 14 + 5 = 0, -k = 2*j. Suppose 457 = r - b*i, -r + 457 = -6*i + 2*i. Is r prime?
True
Is 2175444/(-8)*(-2)/3 + -5 prime?
False
Suppose 3*k = 2*p - 3 - 23, 10 = 5*k. Suppose 0 = x + 3*s + 6, 4*x - s = -6*s - 10. Suppose -p = 4*q, x - 10 = -u - 3*q. Is u a prime number?
False
Let b(f) = 45*f**3 - f**2 - 10*f - 22. Is b(8) a composite number?
True
Let j be 95801/5 - 3/15. Suppose -22*d = -8934 - j. Is d a composite number?
False
Suppose -n + 5 = 0, u = -n + 29 - 5. Let w(i) = i**3 - 8*i**2 + 2*i - 20. Is w(u) a prime number?
True
Let w(m) = 6354*m**2 - 30*m - 103. Is w(-3) prime?
True
Suppose 0 = 4*z - 2*s - 16, 4*s = -4*z + 7*s + 14. Is 7720/4 + (z - 4) a prime number?
True
Let w(g) = 276*g**3 - 3*g**2 - 31*g + 79. Is w(9) composite?
True
Suppose 3*n = -3*t + 109572, -3*t + 2*n = -8855 - 100712. Is t a prime number?
True
Let l(m) = 885*m**2 - 160*m + 1269. Is l(8) a composite number?
False
Let i(f) = -2*f**3 - f**2 - 13*f + 75. Is i(-21) a prime number?
False
Suppose -h = u - 420176, h - 147 = -152. Is u a composite number?
True
Suppose w + 32*u = 34*u + 12, w + 3 = -u. Let o(q) = 470*q**3 - 2*q**2 + 2*q + 5. Is o(w) composite?
False
Let m(h) = 1229*h**2 - 61*h - 701. Is m(-16) composite?
True
Let i be (-6054)/(-1) - ((-4 - -6) + 0). Suppose -5*y + 60 = 15. Suppose -5*o - i = -y*o. Is o prime?
False
Let w(d) = 46*d**2 + 20*d + 7. Is w(-11) a composite number?
True
Suppose 4*s = -24*j + 20*j - 19176, -2*s + 2*j - 9600 = 0. Let p = s - -7000. Is p composite?
False
Let p = -207 + 223. Suppose 0 = p*f - 17*f + 2359. Is f a prime number?
False
Is (-1 - (-27)/18)*322906 a composite number?
False
Let w = 132350 - 92571. Is w a composite number?
False
Is (5525100/27 - -7) + (-6)/(-9) a composite number?
False
Suppose 3*b = -3*k - 37552 + 366055, 3*k - 328509 = -2*b. Is k a prime number?
True
Let p(v) be the first derivative of -7713*v**4/2 - v**3/3 - 2*v**2 - 2*v - 11. Is p(-1) composite?
False
Let g = 20009 - 10408. Is g a composite number?
False
Let r be 0 + 5 + 2158 - -3. Let g = r - 3820. Let i = -255 - g. Is i a composite number?
False
Let j be 12/54 + (-223)/(-9). Suppose 0 = 26*v - j*v - 5. Suppose -v*s + 853 = -4*s. Is s a prime number?
True
Suppose 0 = -3*y + 15 - 273. Let c be (-26)/(-65) + y/(-10). Suppose 11*t - 1822 = c*t. Is t composite?
False
Suppose 6 = -3*d, j - 608 = 3*d + 335. Let g = j + -414. Is g a composite number?
False
Suppose -3*k = 2*k - 1024024 - 411831. Is k prime?
False
Let s(a) = -a**2 - 27*a - 117. Let x be s(-18). Suppose x*h - 48*h + 2613 = 0. Is h a prime number?
False
Let g be ((-15)/(-6))/5*(13 + -15). Is (-3)/(-4 - g)*(-1 - -1632) prime?
False
Let v(s) = -1746*s**3 + 24*s**2 + 96*s + 35. Is v(-4) prime?
True
Let o(m) = 10*m**2 - 8*m - 5. Let i be (5 + -4)/1*(0 - 0). Suppose 3*f + 4*u + 32 = i, 3*f + 11 + 16 = -3*u. Is o(f) prime?
False
Suppose o - 2*w + 7 - 4 = 0, 2*w = 4*o + 24. Let t(q) = -172*q - 27. Is t(o) prime?
False
Let z(l) = -24243*l - 742. Is z(-5) prime?
True
Let l be 1*-4403*(-6)/(-3). Let i = 16863 + l. Is i a composite number?
True
Let z = 254 + -251. Suppose 4*a + 995 = z*v, 4*v + 2*a - 1175 = 181. Is v composite?
False
Suppose 4*w + 14 = 4*q - 2*q, 4*w + 3*q = -39. Let j(p) = 39*p**2 + 14. Is j(w) composite?
True
Let w = -35398 - -68307. Is w prime?
True
Is (-1996)/(-6)*807/(-24)*-12 a composite number?
True
Let a be ((-20)/115)/2 - (-64651)/(-23). Let l = 11902 + a. Is l a composite number?
False
Suppose 2*g = -5*j - 1108, 4*g - 13*j + 8*j + 2246 = 0. Suppose q + 5*c = 1598 - 581, -9 = 3*c. Let s = q + g. Is s a prime number?
False
Let b(m) = -6*m**3 + 34*m + 2 - 34 + 9 + 3*m**3 - 24 - 5*m**2. Is b(-15) a composite number?
False
Let y = 7631 + -5458. Is y a prime number?
False
Let l be (12 - 3/(-1))/((-3)/(-951)). Let k = 8032 - l. Is k a prime number?
False
Suppose p - 56 = -4*n, 4*p + 14 = n + 2*p. Let a be ((-24)/n)/(4971/4977 - 1). Suppose -436 - a = -2*b. Is b a prime number?
True
Let b(y) = 2*y**2 - 41*y - 92. Let m be b(23). Let z(n) = 8*n**2 - 71*n - 48. Is z(m) a composite number?
False
Let u = -9351 + 15997. Suppose 0 = -x - 0 - 2, -4*l + x = -u. Is l a prime number?
False
Let u(t) = t**2 + t + 3. Let x(y) = 8*y + 6. Let k(q) = -10*q - 7. Let m(r) = 3*k(r) + 4*x(r). Let j be m(2). Is u(j) prime?
True
Let u(c) = 266*c**2 + 13*c + 110. Is u(23) composite?
True
Is ((-313805)/(-35))/((-32)/(-224)) a composite number?
False
Let i be (3 - (2 - 0))*8. Let m be ((-1134)/i)/((-15)/160). Suppose 2*u = -3*p + 3967, 2*u - 203 = p - m. Is p a prime number?
True
Suppose -n - 348 = -2237. Suppose -n = -3*w - 2. Is w prime?
False
Let d(u) = 2*u**2 - u + 5. Let p be d(0). Let w = -8 + p. Is (6330/(-45))/(2/w) a prime number?
True
Let h(o) be the second derivative of -9*o**5/20 + 5*o**4/12 - o**3/3 - 18*o. Let f be h(-4). Suppose 0 = -5*k + 4371 + f. Is k prime?
False
Let l(g) = g**2 - 8*g - 12. Let d be l(10). Suppose -2*m + 8 = -0*m + b, 4*b = 2*m - d. Is 1/(m + 2358/(-590)) a prime number?
False
Let u(h) = 1514*h + 663. Is u(35) a prime number?
True
Suppose 75 = 4*q + 5*l, 3*q - 2*l - l = 63. Let h be (40/(q/4))/2. Let a(v) = 46*v + 7. Is a(h) a composite number?
False
Let o = 4053 + -1868. Suppose 0 = -w - 0*w - g + o, 0 = w - 4*g - 2175. Is w a prime number?
False
Let f(s) = -61*s**2 - 20*s - 72. Let g be f(-9). Let m = g + 8047. Is m prime?
False
Let o(j) = 3*j**2 + 5. Let h be o(0). Suppose 5*l + 0*l - h*f - 7565 = 0, 2*l = f + 3030. Is l a composite number?
True
Let t = 59 + -57. Let f be ((-125)/(-10))/((-1)/t). Is 53/(f/10 - -3) a prime number?
False
Let i(k) = 138*k**3 - 3*k**2 + 9*k - 48. Let a be i(7). Let u = a + -22189. Is u composite?
False
Let c be -8 - (-1033 + 4 + 4). Suppose -c = 3*v - 3378. Is v a composite number?
False
Let a = 3090 - 1426. Let i = 1721 + a. Suppose 0 = -6*n + i - 259. Is n prime?
True
Let c be (-3)/6 - 598/(-4). Let d(f) = -c*f - 25 - 1011*f + 10 + 16. Is d(-2) prime?
False
Suppose 0 = -f + 14 + 14. Let i(r) = 17*r + f - 9*r - 4 + 39*r. Is i(11) prime?
True
Let i(z) = 38*z - 136. Let l be i(19). Is ((-1292)/152)/((-1)/l) prime?
False
Suppose 4*h = 2*k - 38, 2*h + 0*h + 70 = 4*k. Let f be (k/7 + -1)/(5/35). Suppose 4*s - f = 10, -4*o + 5*s = -8835. Is o a prime number?
False
Let v = 493456 - 317603. Is v a prime number?
True
Suppose -4*t = -12, -58 = 4*c - t + 273. Let h = 89 + c. Suppose -h*w + 3641 = 4*w. Is w prime?
True
Suppose 26626 = 32*b - 665182. Is b a composite number?
True
Let l(t) = t**3 + 11*t**2 + 9*t - 5. Let b be l(-10). Suppose 10 + 10 = -2*r. Is (186/(-4))/(b/r) prime?
False
Let y(j) = 17600*j - 2. Let l be y(1). Suppose 14*i = 8*i + l. Is i prime?
False
Let v(b) = -b**3 - 11*b**2 + b + 14. Let a be v(-11). Is (a - 2)/((-1)/(-731)) a prime number?
False
Let n(r) = 14495*r + 2 - 11 - 17 + 50. Is n(1) composite?
False
Suppose -5*q - 120 = -4*d, -8*d = -4*q - 9*d - 117. Is (-196020)/q - 12/(-42) a prime number?
True
Let m(s) = 3*s**2 + 11*s - 2. Let g be m(-6). Suppos